{"id":56,"date":"2025-03-04T12:01:17","date_gmt":"2025-03-04T11:01:17","guid":{"rendered":"https:\/\/www.bssf.dk\/?page_id=56"},"modified":"2026-02-14T11:08:48","modified_gmt":"2026-02-14T10:08:48","slug":"pistolskydning","status":"publish","type":"page","link":"https:\/\/www.bssf.dk\/index.php\/pistolskydning\/","title":{"rendered":"Pistolskydning"},"content":{"rendered":"\n<p>\u00d8nsker du, at pr\u00f8ve kr\u00e6fter med pistolskydning? S\u00e5 kom forbi en Torsdag aften.<\/p>\n\n\n\n<p>Kl. 18-19 skyder vi med kal. 22<br>Kl. 19-21 skyder vi med 9mm<br><br>Du m\u00e5 selvf\u00f8lgelig ogs\u00e5 skyde med kal. 22 efter kl 18, men du skal v\u00e6re klar over at 9mm larmer v\u00e6sentligt mere og det kan v\u00e6re forstyrrende for din tr\u00e6ning. <br><br>Husk at denne sport er for alle, dog s\u00e6tter vi det krav at man skal v\u00e6re fyldt 8 \u00e5r.<\/p>\n\n\n\n<p><\/p>\n\n\n\n<p><\/p>\n\n\n\n<p><\/p>\n\n\n\n<h2 class=\"wp-block-heading\">Krav til nye medlemmer \u2013 Skydning med pistol<\/h2>\n\n\n\n<p>For at sikre sikkerhed, kvalitet og vedligeholdelse af vores skydebane har vi f\u00f8lgende krav til nye medlemmer:<\/p>\n\n\n\n<p>Alle nye medlemmer\/ pr\u00f8veskydninger skal starte med at skyde med <strong>kaliber .22<\/strong>.<\/p>\n\n\n\n<p>Inden man kan f\u00e5 lov til at skyde med <strong>9 mm pistol<\/strong>, skal man kunne demonstrere en stabil og kontrolleret skydning.<\/p>\n\n\n\n<p>Kravet er, at man kan holde sine skud <strong>inden for den sorte cirkel p\u00e5 skiven<\/strong>. Dette vurderes og godkendes af en <strong>skydeleder eller en kontrollant<\/strong>.<\/p>\n\n\n\n<p>N\u00e5r skydelederen eller kontrollanten vurderer, at man skyder j\u00e6vnt og sikkert, kan man f\u00e5 tilladelse til at g\u00e5 videre til 9 mm pistol.<\/p>\n\n\n\n<p>Dette er et krav for at:<\/p>\n\n\n\n<ul class=\"wp-block-list\">\n<li>Sikre forsvarlig og sikker v\u00e5benh\u00e5ndtering<\/li>\n\n\n\n<li>Beskytte vores skydebane mod un\u00f8dig slitage og skader<\/li>\n\n\n\n<li>Sikre en god oplevelse for alle medlemmer<\/li>\n<\/ul>\n\n\n\n<p>Vi takker for forst\u00e5elsen og ser frem til at hj\u00e6lpe nye skytter godt i gang.<\/p>\n\n\n\n<p><\/p>\n\n\n\n<p><\/p>\n\n\n\n<p><\/p>\n\n\n\n<p class=\"has-text-align-center\">Side update 14\/02-26<\/p>\n","protected":false},"excerpt":{"rendered":"<p>\u00d8nsker du, at pr\u00f8ve kr\u00e6fter med pistolskydning? S\u00e5 kom forbi en Torsdag aften. Kl. 18-19 skyder vi med kal. 22Kl. [&hellip;]<\/p>\n","protected":false},"author":1,"featured_media":0,"parent":0,"menu_order":0,"comment_status":"closed","ping_status":"closed","template":"","meta":{"site-sidebar-layout":"default","site-content-layout":"","ast-site-content-layout":"default","site-content-style":"default","site-sidebar-style":"default","ast-global-header-display":"","ast-banner-title-visibility":"","ast-main-header-display":"","ast-hfb-above-header-display":"","ast-hfb-below-header-display":"","ast-hfb-mobile-header-display":"","site-post-title":"","ast-breadcrumbs-content":"","ast-featured-img":"","footer-sml-layout":"","theme-transparent-header-meta":"","adv-header-id-meta":"","stick-header-meta":"","header-above-stick-meta":"","header-main-stick-meta":"","header-below-stick-meta":"","astra-migrate-meta-layouts":"default","ast-page-background-enabled":"default","ast-page-background-meta":{"desktop":{"background-color":"var(--ast-global-color-5)","background-image":"","background-repeat":"repeat","background-position":"center center","background-size":"auto","background-attachment":"scroll","background-type":"","background-media":"","overlay-type":"","overlay-color":"","overlay-opacity":"","overlay-gradient":""},"tablet":{"background-color":"","background-image":"","background-repeat":"repeat","background-position":"center center","background-size":"auto","background-attachment":"scroll","background-type":"","background-media":"","overlay-type":"","overlay-color":"","overlay-opacity":"","overlay-gradient":""},"mobile":{"background-color":"","background-image":"","background-repeat":"repeat","background-position":"center center","background-size":"auto","background-attachment":"scroll","background-type":"","background-media":"","overlay-type":"","overlay-color":"","overlay-opacity":"","overlay-gradient":""}},"ast-content-background-meta":{"desktop":{"background-color":"var(--ast-global-color-4)","background-image":"","background-repeat":"repeat","background-position":"center center","background-size":"auto","background-attachment":"scroll","background-type":"","background-media":"","overlay-type":"","overlay-color":"","overlay-opacity":"","overlay-gradient":""},"tablet":{"background-color":"var(--ast-global-color-4)","background-image":"","background-repeat":"repeat","background-position":"center center","background-size":"auto","background-attachment":"scroll","background-type":"","background-media":"","overlay-type":"","overlay-color":"","overlay-opacity":"","overlay-gradient":""},"mobile":{"background-color":"var(--ast-global-color-4)","background-image":"","background-repeat":"repeat","background-position":"center center","background-size":"auto","background-attachment":"scroll","background-type":"","background-media":"","overlay-type":"","overlay-color":"","overlay-opacity":"","overlay-gradient":""}},"footnotes":""},"class_list":["post-56","page","type-page","status-publish","hentry"],"jetpack_sharing_enabled":true,"_links":{"self":[{"href":"https:\/\/www.bssf.dk\/index.php\/wp-json\/wp\/v2\/pages\/56","targetHints":{"allow":["GET"]}}],"collection":[{"href":"https:\/\/www.bssf.dk\/index.php\/wp-json\/wp\/v2\/pages"}],"about":[{"href":"https:\/\/www.bssf.dk\/index.php\/wp-json\/wp\/v2\/types\/page"}],"author":[{"embeddable":true,"href":"https:\/\/www.bssf.dk\/index.php\/wp-json\/wp\/v2\/users\/1"}],"replies":[{"embeddable":true,"href":"https:\/\/www.bssf.dk\/index.php\/wp-json\/wp\/v2\/comments?post=56"}],"version-history":[{"count":7,"href":"https:\/\/www.bssf.dk\/index.php\/wp-json\/wp\/v2\/pages\/56\/revisions"}],"predecessor-version":[{"id":291,"href":"https:\/\/www.bssf.dk\/index.php\/wp-json\/wp\/v2\/pages\/56\/revisions\/291"}],"wp:attachment":[{"href":"https:\/\/www.bssf.dk\/index.php\/wp-json\/wp\/v2\/media?parent=56"}],"curies":[{"name":"wp","href":"https:\/\/api.w.org\/{rel}","templated":true}]}}